on divisor of 970 and 2642862?
194
Calculate the highest common factor of 7806424 and 8.
8
What is the highest common divisor of 116105 and 44?
11
Calculate the highest common factor of 44 and 15572524.
44
What is the greatest common divisor of 7680 and 258432?
384
What is the greatest common divisor of 539882 and 6860?
686
Calculate the highest common factor of 16 and 1345936.
16
What is the highest common divisor of 142188 and 492?
492
What is the greatest common divisor of 608895 and 315?
315
What is the highest common factor of 22 and 113267?
11
What is the greatest common divisor of 4161 and 15038?
73
Calculate the highest common factor of 2090 and 6365.
95
Calculate the highest common factor of 35 and 132675.
5
Calculate the highest common divisor of 2513 and 283.
1
What is the highest common factor of 152 and 19912?
152
Calculate the greatest common divisor of 19 and 3.
1
What is the greatest common divisor of 8224403 and 11?
11
Calculate the highest common divisor of 5183 and 24528.
73
What is the greatest common divisor of 3224 and 10416?
248
What is the greatest common divisor of 5472 and 55917?
171
What is the greatest common factor of 230 and 87170?
230
Calculate the highest common divisor of 760148 and 29.
29
Calculate the highest common divisor of 1227037 and 7.
7
What is the highest common divisor of 80 and 25580?
20
Calculate the greatest common divisor of 1406 and 43808.
74
What is the highest common factor of 126 and 4021164?
126
What is the highest common factor of 30400 and 8325?
25
Calculate the greatest common divisor of 362 and 1230257.
181
Calculate the greatest common divisor of 89364 and 528.
132
What is the highest common factor of 295595 and 5?
5
What is the highest common divisor of 2205 and 864850?
245
What is the greatest common factor of 2 and 3853?
1
What is the highest common divisor of 703 and 5698?
37
Calculate the highest common factor of 48 and 340212.
12
Calculate the greatest common divisor of 11 and 2670789.
11
Calculate the highest common divisor of 160 and 3810.
10
What is the greatest common factor of 458 and 417238?
458
What is the highest common divisor of 132 and 1324719?
33
Calculate the greatest common divisor of 655935 and 21.
21
What is the greatest common factor of 40 and 6403220?
20
What is the highest common divisor of 78364 and 198?
22
What is the greatest common divisor of 8876 and 10052?
28
What is the greatest common divisor of 46 and 41212?
2
Calculate the greatest common divisor of 6 and 1079718.
6
Calculate the highest common factor of 992565 and 40.
5
What is the greatest common factor of 1351 and 16633512?
1351
Calculate the greatest common divisor of 713 and 506.
23
What is the highest common divisor of 16 and 36224?
16
What is the greatest common divisor of 1702 and 100?
2
Calculate the highest common factor of 75 and 504.
3
What is the highest common factor of 110589 and 2483?
191
Calculate the highest common divisor of 24 and 340488.
24
Calculate the greatest common divisor of 16 and 553624.
8
What is the highest common factor of 135 and 1944486?
27
Calculate the greatest common factor of 1401 and 73319.
467
Calculate the highest common divisor of 2 and 24686.
2
What is the greatest common divisor of 3395424 and 2260?
452
What is the highest common factor of 7267 and 473?
43
Calculate the highest common factor of 562988 and 582.
194
What is the greatest common divisor of 1647747 and 669?
669
What is the highest common divisor of 66579 and 12?
3
What is the greatest common factor of 5 and 329815?
5
What is the greatest common divisor of 1587 and 3437442?
1587
What is the highest common divisor of 111678 and 12?
6
What is the highest common factor of 19 and 12407?
19
What is the highest common divisor of 58333 and 88?
11
What is the highest common divisor of 9384 and 19284?
12
What is the greatest common divisor of 200425 and 25?
25
Calculate the highest common divisor of 1240473 and 117.
39
Calculate the greatest common divisor of 174 and 68672.
58
What is the greatest common factor of 209838 and 3198?
246
What is the greatest common factor of 80129 and 7?
7
What is the highest common divisor of 144135 and 45?
45
Calculate the greatest common factor of 79 and 7641433.
79
Calculate the greatest common divisor of 1790 and 880.
10
What is the greatest common divisor of 232493 and 116?
29
Calculate the greatest common divisor of 36 and 24966.
18
What is the greatest common divisor of 9102 and 738?
246
What is the highest common divisor of 480 and 2192?
16
Calculate the greatest common divisor of 49929 and 1632.
51
What is the greatest common factor of 59 and 201013?
59
What is the highest common factor of 15 and 52935?
15
What is the highest common factor of 202015 and 22?
11
What is the greatest common divisor of 86465 and 20?
5
Calculate the highest common divisor of 26746 and 946.
86
What is the greatest common factor of 6831 and 56727?
297
Calculate the highest common divisor of 1638 and 139776.
546
Calculate the highest common divisor of 1209 and 46514.
13
Calculate the greatest common divisor of 2 and 22765.
1
What is the greatest common factor of 1500667 and 7?
7
Calculate the greatest common factor of 29746 and 4.
2
Calculate the greatest common factor of 340 and 262140.
340
Calculate the highest common factor of 872 and 1169788.
436
What is the greatest common divisor of 4818 and 88?
22
Calculate the highest common factor of 80 and 23832.
8
What is the highest common factor of 2332 and 1007?
53
What is the greatest common factor of 916 and 68242?
458
Calculate the highest common divisor of 137948 and 52.
4
What is the highest common factor of 54982 and 74?
74
Calculate the greatest common divisor of 131696 and 32.
16
Calculate the highest common factor of 169 and 16393.
169
What is the greatest common divisor of 1185064 and 328?
328
Calculate the highest common divisor of 41808 and 8697.
39
Calculate the highest common divisor of 1060 and 1240.
20
What is the greatest common divisor of 3615 and 7712?
241
What is the highest common factor of 31413 and 333?
111
Calculate the highest common factor of 11118 and 436.
218
Calculate the highest common divisor of 375 and 7699875.
375
What is the highest common divisor of 16485 and 595?
35
What is the greatest common divisor of 56898 and 41760?
522
Calculate the highest common divisor of 1055 and 268814.
211
What is the highest common factor of 74447 and 327?
109
Calculate the greatest common factor of 1746 and 63438.
582
Calculate the greatest common divisor of 64 and 369440.
32
Calculate the highest common factor of 696 and 1272.
24
Calculate the greatest common factor of 892 and 142274.
446
What is the greatest common divisor of 44 and 76252?
44
Calculate the highest common divisor of 140608 and 64.
64
Calculate the highest common factor of 3388 and 2744.
28
What is the highest common factor of 2665 and 65026?
533
Calculate the greatest common divisor of 6902 and 2030.
406
Calculate the greatest common divisor of 21 and 127624.
7
What is the highest common divisor of 147 and 118923?
147
What is the greatest common factor of 760 and 16?
8
Calculate the greatest common divisor of 148152 and 24.
24
What is the greatest common factor of 584 and 232?
8
Calculate the greatest common divisor of 28 and 59724.
28
What is the greatest common factor of 762 and 24?
6
What is the highest common divisor of 481473 and 2196?
549
What is the highest common divisor of 88 and 326491?
11
What is the greatest common divisor of 91848 and 72?
24
What is the greatest common factor of 10 and 8864330?
10
What is the highest common divisor of 1000 and 80856?
8
Calculate the highest common divisor of 546 and 37401.
273
Calculate the highest common factor of 30 and 7158230.
10
Calculate the highest common divisor of 82 and 135874.
82
What is the greatest common divisor of 26 and 1148836?
26
What is the highest common divisor of 559 and 24467?
43
What is the greatest common divisor of 6035 and 17680?
85
What is the highest common divisor of 85289 and 34?
17
Calculate the highest common factor of 384 and 2756.
4
Calculate the greatest common factor of 3700656 and 11160.
2232
What is the highest common factor of 50090 and 70?
10
Calculate the greatest comm